
Let s(f) be the second derivative of f**3/6 + f**2/2 - 26*f. Give s(7).
8
Let t(u) = 3*u**3 + 5*u**2 - 3*u - 12. Let m(d) = d**3 + 2*d**2 - d - 6. Let f(s) = 5*m(s) - 2*t(s). Let n(g) = -1 - g**2 + 6*g + 1. Let r be n(6). Give f(r).
-6
Suppose x = -r - 9, -r = -2*x - 2*x - 36. Let l = x + 12. Let k(z) = -3*z + 4. Give k(l).
-5
Let w(k) be the third derivative of -k**5/60 - 5*k**4/12 - 5*k**3/3 + 51*k**2. Calculate w(-10).
-10
Let v be -1*2 + -3 + 3. Let y be 1*((5 - v) + -2). Let k(q) = -q - 10*q**3 + 4*q**2 + 3 + 9*q**3 + q**2. Give k(y).
-2
Let m(q) = -q**2 - 5*q - 1. Let c(w) = w**3 + 4*w**2 + 3*w - 1. Let u be c(-3). Let o be (-4)/(-12) + u/3. Suppose o = 5*l - l + 16. Give m(l).
3
Let g(z) = -z**2 - 6*z. Let p = -10 - -13. Suppose -2*o + 1 = -p, u + 5*o = 4. Give g(u).
0
Let z(r) = r**3 + r**2 + r - 6. Let n be z(0). Let k(g) be the first derivative of -g**3/3 - 4*g**2 - 9*g + 9. What is k(n)?
3
Let z be ((-3 + 3)/1)/(-1). Let n(c) be the first derivative of 0*c**3 + c - 3 + 5/4*c**4 + z*c**2. What is n(-1)?
-4
Let o(s) = -2*s**2 - 1. Let p = -149 + 147. Give o(p).
-9
Let c(u) = -u**3 + 6*u**2 - 7*u + 4. Let m be c(4). Let v = m - 6. Suppose -15 = -4*r - 5*k, -4*k = -0*r - v*r - 12. Let g(b) = -b**3 + b**2 - 4. Give g(r).
-4
Let c(l) = l**2 + 3*l - 4. Suppose -2*a - 5*b = 31 + 9, 4*a + 5*b + 70 = 0. Let u be 2/6 - (-65)/a. What is c(u)?
0
Let r(m) = m**3 + 1. Let n(c) = c**2 + 10*c + 12. Let u be n(-8). Let y be 6/4 - 2/u. Let a be (0 + -1)*(-2 + y). What is r(a)?
1
Suppose 2*s - 93 = -25. Let l = s - 24. Let q be ((-5)/l)/((-1)/10). Let i(g) = -g**2 + 5*g - 1. Determine i(q).
-1
Let k(s) = -s**3 + 2 - 1 + 0 + 2. Let h be (-1 - 7/5)*-5. Suppose -3*n = 4*m - h, 0 = 4*m + 4*n - 16. Determine k(m).
3
Suppose -2*k - 3*k = 0. Let b(i) = k*i**2 - 8 - i**2 + 0 + 8*i. Determine b(6).
4
Let s be (-2)/1 - (-56)/4. Suppose 0 = -w + 5*w - s. Let h(x) = x + x**2 + w - 3 + 2 - x**3. What is h(0)?
2
Let q(j) be the third derivative of j**4/12 - j**3/2 - 31*j**2. What is q(3)?
3
Suppose r + 10 = -0*r + 4*l, 0 = 3*r - 2*l. Suppose -15 = 5*u, 3*z + 7*u + 12 = r*u. Let j(n) = 5*n + 1. Determine j(z).
6
Let k(p) = 6*p**3 - 7*p**2 + 4*p + 5. Let f(b) = 5*b**3 - 7*b**2 + 3*b + 6. Let n(w) = 5*f(w) - 4*k(w). Give n(7).
3
Let g(a) = a - 1 - 2*a + 4. Let w = 7 - 7. Suppose w - 10 = -2*s. Determine g(s).
-2
Let m be (2 - 1)*(4 - 4). Let u = 6 - 3. Let b(h) = m*h**3 - 2*h**3 + u + h**3. Give b(0).
3
Let d(n) = 1 - 3*n + 2 - 4*n**2 - 2 - 4*n**3. Let f(q) = q**3 + q**2 + q. Let z(j) = 2*d(j) + 9*f(j). Suppose 6 = p + 2*s, -4*p - 4*s = -s - 4. What is z(p)?
-8
Let r(x) = x**2 + 2*x - 3. Let k(f) = -f**2 - 7*f + 2. Let v(i) = -3*i**2 - 15*i + 4. Let b(d) = 5*k(d) - 2*v(d). Let g be b(5). Give r(g).
5
Suppose -133 = -5*k - 43. Let g be (-4)/18 + 40/k. Let v(m) = 0*m**2 - 3*m**2 - m + g*m**2. Give v(-2).
-2
Let u(r) = -r**3 - 5*r**2 - 4*r - 5. Suppose 6 = 2*l - 2, -3*l = -2*a - 20. Give u(a).
-5
Let c(v) = 10*v**2. Let q be c(1). Suppose -3*o + 6*o = -2*s + q, 5*s - 25 = 0. Let w(n) = -3 - 4*n + 7 + 3*n. Calculate w(o).
4
Let n be (5/2 - 2)*2. Suppose v + 2 - 8 = 0. Let q(p) = p + 1. Let o(k) = -2*k + 2. Let z(c) = v*q(c) - 3*o(c). Determine z(n).
12
Let k(c) = c**2 + 5*c + 7. Let n be ((-11)/((-198)/12))/((-2)/15). Calculate k(n).
7
Let o = 20 + -15. Let l = o - 0. Let k(i) = i**3 - 6*i**2 + 5*i. Give k(l).
0
Suppose 3 = c - 0, 2*x - 322 = -4*c. Let b(d) = 4 - x*d + 0 + 156*d. Determine b(4).
8
Let o(z) be the first derivative of -z**2/2 - 8*z - 3. Calculate o(0).
-8
Let z(y) be the second derivative of y**6/180 + y**5/40 - y**4/6 - 4*y**3/3 - 7*y. Let a(m) be the second derivative of z(m). What is a(-3)?
5
Let o(j) be the third derivative of 0*j + 1/2*j**3 + 5/24*j**4 - 1/60*j**5 - 1/120*j**6 - j**2 + 0. Calculate o(-3).
6
Let b(t) = -1 - 1 - t + 4*t. What is b(3)?
7
Let u(m) = -m**3 + 7*m**2 - m + 9. Let f be (-2*2)/(-1) + -2 + 5. Calculate u(f).
2
Let k(b) = 5*b**2 + 2 - 5*b**2 + 5*b + b**2 + 3*b. Let c = 3 + -9. Calculate k(c).
-10
Let t(r) = -2*r**2 - 2*r + 1. Let s be (2 - (-9)/3) + -4. What is t(s)?
-3
Let t = -98 + 100. Let n(v) = -3*v. Determine n(t).
-6
Suppose 0 = 4*b - 2*b. Let t(z) be the second derivative of 2*z - 1/6*z**3 + b - 3/2*z**2. What is t(-5)?
2
Let p = 4 + 0. Suppose 0*g = -p*g. Let v(t) = -2 + t - 2*t - t**2 - 2*t**2 + 4*t**2. Determine v(g).
-2
Let x(b) = b**3 + 4*b**2 - b - 5. Let i be (2 - -4)*(-4)/6. What is x(i)?
-1
Let r(o) = o**2 + 3*o - 4. Suppose 4*m = k - 16, 0 = -2*k - k - 2*m - 22. Let z be r(k). Let w(c) = -c**2 + 0*c**2 + 0*c - 4*c + 6 + z*c**2. What is w(-6)?
-6
Let r(t) = 2*t + 4. Let c be r(-3). Let v be 4/c*(2 + -1). Let w(k) = 5 + 0*k - k**2 - 3 - k. Determine w(v).
0
Let k(h) = -2*h + 2*h**3 - 7 - h**2 + 7. Let b = 0 - -2. Calculate k(b).
8
Let i(l) be the first derivative of l**3/3 + l**2 - l - 29. Give i(-3).
2
Suppose 0*s + 5 = 3*v + 4*s, -2*s + 13 = 5*v. Let k(r) = 5*r - 9. Let p(c) = -4*c + 8. Let n(d) = 5*k(d) + 6*p(d). What is n(v)?
6
Let r(s) = s**2 - 3*s + 2. Let g be -25*((-13)/5 - -2). Let y be (10/g)/((-1)/(-6)). Let c be r(y). Let a(u) = -u**3 + 5*u**2 + 5*u + 4. Give a(c).
-2
Let x(n) = -15*n**2 + 2*n - 1. Suppose 5*a - 4*s - 13 = 0, a + 4*s + 6 = -1. Give x(a).
-14
Let q be -2 - -1*(2 + 0). Let j(o) = -2 + 417*o - 6 - 418*o. Calculate j(q).
-8
Let o(c) = c**3 - 4*c**2 + 3*c - 2. Let b be (-3)/(-15) - 18/(-10) - -1. What is o(b)?
-2
Let n = -120 + 120. Let g(t) = t + 5. Let i(w) = w + 4. Let x(h) = -4*g(h) + 3*i(h). Calculate x(n).
-8
Let p(d) = 5*d**3 + 1 + 0 - 2*d - 4*d**3 - 2*d**2. Suppose -3*j = x, 5*x + 4*j = 6*j + 17. Give p(x).
4
Let z(l) = l**3 - l**2 - 2*l + 1. Let r = -4 - -10. Suppose 0 = r*y - 2*y - 12. Let w = y + -1. What is z(w)?
1
Suppose -2 = -5*i - 7. Let c(v) be the third derivative of -v**6/12 + v**5/60 + v**4/12 + v**3/6 - 6*v**2. Give c(i).
10
Let m(s) = s**3 + 7*s**2 - 6*s + 5. Let q be m(-8). Let t = 7 + q. Let c(g) = -14 + 0*g - g + 5. Give c(t).
-5
Let y = 5 + -1. Suppose y = -2*z - 4. Let f(v) be the third derivative of v**5/60 + v**4/8 - v**3/6 - v**2. Determine f(z).
3
Let w be 26/7 - 10/(-35). Let h(c) = -c - 6. Let x(m) = m + 5. Let k(i) = w*h(i) + 5*x(i). Give k(-3).
-2
Let o be -4 + -1 - (-2 - 0). Let f(q) be the third derivative of -q**3/6 + 3*q**2. Let y(h) = h - 3. Let i(s) = 4*f(s) - y(s). Determine i(o).
2
Let v(z) = 3 - 4 - 3*z - 2*z**2 + 5*z - 2*z**2. Give v(1).
-3
Let y be (-48)/(-36)*3/2. Let q(p) be the third derivative of -p**5/20 + p**3/6 + p**2. Give q(y).
-11
Let k(f) = -f**3 - 10*f**2 - 10*f. Suppose -18*r + 17*r - 9 = 0. Determine k(r).
9
Let o(z) = z**2 + z - 12. Let m be o(-4). Let b(l) = -l + 6. Give b(m).
6
Let u(p) = p**2 + 4*p. Suppose b - 34 = -b. Suppose b + 8 = 5*m. Suppose -l = -2*l - m. Give u(l).
5
Let y(z) be the second derivative of z**5/20 + z**4/2 - z**3/6 - z**2/2 - 19*z. Give y(-6).
5
Let y(v) = -2*v + 2. Let z be y(-2). Let n(r) = -r**3 + 6*r**2 - 3*r + 2. Determine n(z).
-16
Let q(z) be the third derivative of z**4/24 - z**3/3 - z**2. Let h be (-12)/21 + 75/21. What is q(h)?
1
Let g(t) = -3*t**2 - t + 2. Let y(b) = 10*b**2 + 2*b - 5. Let s(q) = 8*g(q) + 3*y(q). Calculate s(1).
5
Let y(g) = -g - 1. Suppose 3*t + 0 = -12. Suppose 2*w = -w - 21. Let r = w - t. Determine y(r).
2
Let b(p) be the first derivative of p**5/120 - 5*p**4/24 - 2*p**3/3 + 1. Let u(d) be the third derivative of b(d). Calculate u(3).
-2
Let s(d) = 7*d - 2 - 2 + d**3 - 58*d**2 + 67*d**2. Calculate s(-8).
4
Let q = 0 - 1. Let t(i) = 5*i**3 + 5*i**2. Let k(m) be the second derivative of m**4/12 + 2*m. Let g(a) = 6*k(a) - t(a). Give g(q).
6
Let i be (3 - -2) + 0/1. Let c(l) = -l**3 + 4*l**2 + 3*l + 3. Calculate c(i).
-7
Let x(y) = -y + 6. Suppose -3*b + 8*b - 2 = 4*t, -t = 2*b + 7. Let v = 17 - t. Suppose 0*r + 4*r - v = 0. Determine x(r).
1
Let x(q) be the second derivative of q**5/20 + 5*q**4/12 + q**3/2 + q**2/2 + 12*q. Suppose -5*n + 15 = 0, 0*v + 13 = -v + 3*n. What is x(v)?
5
Suppose 0*m - 2 = -2*m. Let c(p) = 10*p - 9*p - 2 - m. Calculate c(-3).
-6
Suppose 0 = 2*b + 2 - 0. Let s be b*(-3 - -2) + -6. Let c(o) = -o - 3 - 2 - 6. Determine c(s).
-6
Suppose -c + 4*v = 19, -9 = -2*c + 5*v - 32. Let g(f) = 5*f**2 + f - 1. Give g(c).
5
Let f(m) = -3*m - 3 + 11 + 2*m + 4. C